o). Suppose -4*d = 3*b - 352, z*d - 154 = 3*b + b. Is d composite?
True
Is (-13518)/(-54) - (-4)/6 a composite number?
False
Suppose 0 = -8*s + 6*s. Let o = 106 - s. Is o a prime number?
False
Let c = -3 - -6. Is c a composite number?
False
Let m = 7 - 4. Suppose -3*p = p - 20. Suppose p*k = m*q + 49 + 118, -2*q - 163 = -5*k. Is k prime?
True
Let z(w) = w**2 + 3*w - 4. Let g(u) = -3*u**2 - 7*u + 9. Let k(f) = -4*g(f) - 9*z(f). Let x be k(-1). Suppose x*r - 19 - 55 = 0. Is r a composite number?
False
Suppose 3*j - s = 17, 3*s + 1 = -3*j - 2. Suppose 2*t + t - 73 = -4*z, j*z - 3*t = 79. Is z prime?
True
Suppose 238 = 3*d - 80. Is (4/(-4))/((-2)/d) prime?
True
Is (0 + 4)*1574/16*2 prime?
True
Let i(f) = f**2 - f - 3. Let j be i(0). Let y(v) = 3*v**2 + 2*v + 3. Let a be y(j). Suppose 9 = 3*u - a. Is u composite?
False
Let i(h) = -5*h + 65. Is i(0) composite?
True
Suppose -u + 2*i = -225, -5*u + 1098 = -i - 0*i. Is u prime?
False
Let q = 8 - 6. Suppose -1324 = -2*k - q*k. Is k a prime number?
True
Let g = 38 - 20. Is 2295/g*(-2)/(-3) a prime number?
False
Let t be ((-28)/6)/((-10)/15). Suppose 9*o - 31 = 4*o + 3*d, 0 = o - d - t. Suppose o*y - 120 - 325 = 0. Is y composite?
False
Suppose 3*b + 3*t - 7544 = t, -2*b + 5046 = -2*t. Is b a composite number?
True
Let b be (-3)/(6/370)*1. Let y = -82 - b. Suppose -16 = -g + y. Is g composite?
True
Suppose -4*r = -3*j + 1280 + 2803, 4*j = r + 5444. Is j prime?
True
Let g = -10 - -12. Suppose -3*t = -4*i - 46 - 43, 0 = t + 5*i + g. Is t a prime number?
True
Let u = -14 + 18. Let p(y) = 2*y**2 + 5*y + 1. Is p(u) composite?
False
Let x be 6/5*(-10)/(-4). Is ((-339)/(x - 0))/(-1) prime?
True
Let q(s) = -s**3 + 5*s**2 + 8*s - 8. Let n be q(6). Suppose -15 = -k - n*k + x, x = k - 3. Is k composite?
False
Suppose -43 = -2*m + 19. Is m a composite number?
False
Suppose 0*l = -3*y + 2*l + 424, -16 = -4*l. Suppose -y = -4*d + 68. Is d composite?
False
Suppose 3 = 2*m - 19. Let o = 49 - m. Is o composite?
True
Let k = 36 - 796. Is 1/3 + k/(-15) prime?
False
Let n be ((0 - 0) + 1)*9. Let v = n + -7. Is v a composite number?
False
Let s(t) = -2*t**2 - 3*t. Let d be s(-2). Let m(o) = o**3 + 6*o**2 - 8*o - 7. Let w be m(-7). Is 36 + 1 + w/d composite?
False
Suppose 0 = -2*s + 16 + 36. Suppose -4*k - s = -5*k. Is k prime?
False
Suppose 0 = 3*l + m - 3292, 3*l - 3*m = -0*m + 3312. Is l a prime number?
False
Suppose j + 3*j = -4*s + 104, 3*s - 5*j = 110. Suppose 6*a = a + s. Is a prime?
False
Let b(s) = 2*s**2 - 15*s + 6. Is b(11) a composite number?
False
Is (67060/(-30))/(4/(-6)) a prime number?
False
Let x = -147 - -424. Suppose -2*s = -145 - x. Is s a prime number?
True
Let v = 2 - -3. Suppose v*n - 2*n = 57. Is (2 + n)/(-3)*-29 a composite number?
True
Let b(m) = -413*m**2 + 119. Let z(d) = -7*d**2 + 2. Let f(w) = 6*b(w) - 357*z(w). Is f(1) a prime number?
False
Let z be 3/(-6*(-2)/8). Suppose u - 2*y = -z*u - 75, -5*u = y + 112. Is (-6)/3*u/2 a composite number?
False
Suppose 3 = 5*h - 4*h. Suppose 0 = 4*w + k - 146, -129 + 20 = -h*w - k. Is w a prime number?
True
Let m = 1410 + 151. Suppose -m = -5*f - 246. Is f prime?
True
Let t(m) = m**2 + 10*m - 5. Let u(b) = b + 1. Let y(r) = -t(r) + 3*u(r). Let v be y(-7). Suppose 5*p + 2*h - 20 = -0*h, 2*p + 4*h + v = 0. Is p composite?
True
Suppose 0 = q - 2*q + 2*b + 151, 3*q = 4*b + 449. Suppose k = 5*k, 210 = -3*i + 5*k. Let j = i + q. Is j prime?
False
Suppose -4*z + 3*y = -251, -5*y = -6*z + 2*z + 261. Is z a composite number?
False
Let z be 10*2/(-8)*2. Is z/(-2 + 18/10) a prime number?
False
Suppose 0 = 2*q - 4*d - 416, -4*q + 746 = -5*d - 92. Let g(k) = -k**2 - 7*k - 3. Let u be g(-6). Suppose 0 = -m - u*m + q. Is m composite?
False
Let z(v) = v**2 + 3*v - 33. Is z(-14) a prime number?
False
Let y(w) = -w**2 + 5*w. Let g be y(5). Let k be (-2)/(-2)*g/(-4). Let b(c) = -c**3 + 22. Is b(k) composite?
True
Let j = -8 - -12. Suppose -3*a - 24 = -3*i - 6*a, i + j = 2*a. Suppose -x + 148 = i*u, 5*u + 4*x - 185 = -0*x. Is u prime?
True
Let h(j) = 13 - j + 4*j - 4*j. Let x be h(9). Suppose 0 = -t + 4*m + 43, t + 2*t - x*m - 105 = 0. Is t prime?
True
Is -3 + -1 + 323 + 12 prime?
True
Is 507/(-26)*106/(-3) composite?
True
Let l be 4*1*(-1)/(-2). Let h be (-3)/(-4) - l/(-8). Is 1/(-2)*(h - 87) a composite number?
False
Let v be 9*7/(-1)*2. Let f = 247 - v. Is f a composite number?
False
Let v = 1659 - 730. Suppose 354 = -5*o + v. Is o composite?
True
Let g(z) = 145*z. Let x = -4 + 5. Is g(x) a prime number?
False
Is (55/15 - 4)*(-381 - 0) composite?
False
Let z(l) = l + 5 - 2 + 2. Let f be z(-3). Suppose 2*u - f*p - 96 = 0, 2*p = -4*u + 89 + 133. Is u a composite number?
False
Let f = -28 + 56. Let u = f + 21. Is u a prime number?
False
Suppose -9*p + 5*p = -36. Let h(b) = 2*b - 12. Is h(p) a prime number?
False
Suppose 0 = -y - y. Is 106/2 + y + 2 prime?
False
Let g be (-1)/((-3)/840) - 2. Suppose -s = -3*d - 85, -2*d = d - 6. Suppose 3*h - s = g. Is h composite?
True
Let g(i) = 295*i + 7. Is g(10) prime?
True
Let s = -5 - -1. Let j(b) = b**3 + 4*b**2 - 2*b + 5. Let x be j(s). Suppose -x = -0*y - y. Is y a prime number?
True
Is ((-76)/6)/((-32)/48) composite?
False
Suppose 3*l = 5*d + 235, -4*d - 670 + 274 = -5*l. Suppose j = l - 21. Is j a composite number?
False
Suppose 6*z = 7*z - 221. Is z prime?
False
Let u = 6 + 39. Let z = -122 - -84. Let a = u - z. Is a prime?
True
Suppose 3*g + v = 5*v + 1, 0 = 2*g + 4*v - 34. Is g prime?
True
Let d(w) = 6 + w - 5*w + 0. Let p = -11 - -6. Is d(p) a composite number?
True
Let f(r) = 4*r**3 - 7*r**2 + r + 13. Is f(6) a prime number?
True
Let o(n) = 19*n**2 - 4*n - 1. Let a be o(3). Suppose g = -g + a. Is g prime?
True
Let j(q) = 6*q**2 + 6*q + 41. Is j(12) a composite number?
False
Let k(l) = l**3 - 5*l**2 - 7*l - 2. Let q be k(6). Let y(o) = -7 + o + 0 - 3 + o**2 + 5*o. Is y(q) a prime number?
False
Suppose -5*g + 29 - 129 = 0. Is (-528)/(-5) - 8/g composite?
True
Is 3/(-4)*2*8296/(-12) a prime number?
False
Suppose 11 - 1 = 5*i. Suppose -i*y - w + 130 = 23, -4*y = w - 217. Is y prime?
False
Let y = -2 - -2. Let j be (1/2 + -1)*(-1 + -3). Suppose f + j*d - 117 = y, -5*d + 38 = -f + 141. Is f a prime number?
True
Suppose 9*z - 7*z - 3022 = 0. Is z prime?
True
Suppose -5*y = -13392 + 1417. Is y a composite number?
True
Suppose -2*q + 2*z + 4 = 0, 3*q = -0*q + 2*z + 4. Suppose -4*t = 8 - q, t - 86 = 4*p. Let j = 9 - p. Is j composite?
False
Let o be 3/1 - (-1 - -2). Suppose -3*x = -o*x - 115. Is x prime?
False
Is 12/72 + 54658/12 composite?
True
Suppose 533 + 5282 = 5*v. Is v composite?
False
Let c(m) = 40*m**2 + 3*m + 3. Is c(-2) a prime number?
True
Let t = 15 - 11. Is (10/t + -2)*26 a composite number?
False
Let l(c) = -6*c + 1. Let t be (-20)/(-6) + 2/(-6). Let x = -4 + t. Is l(x) composite?
False
Let f(h) = -3*h**2 - 46*h - 2. Is f(-15) a composite number?
False
Suppose -5*y - 499 = 2*i - 5*i, y = 3*i - 491. Is i a composite number?
False
Suppose -2*k = u - 1087, -2*u - 2*u = -3*k - 4304. Is u a composite number?
True
Suppose -10 = 3*q + 5. Let x = q + 7. Suppose x*d - 2*w = 36, -2*w + 3*w = 5*d - 78. Is d a prime number?
False
Suppose 0*h + 4*o = 2*h + 16, h + 2*o = 4. Let k = h + 1. Is (-134)/(-2 + k + 1) prime?
True
Let q(y) = 3*y - 406. Let d(n) = 2*n - 203. Let o = 17 - 12. Let h(u) = o*d(u) - 3*q(u). Is h(0) prime?
False
Let l be -14*3/((-12)/14). Let k = l + 6. Is k prime?
False
Suppose -5*s - 97 = -3*g, 2*g - 101 = 5*s + 3*g. Is 346/10 + (-8)/s a prime number?
False
Is (0 - 4) + 230/10 a prime number?
True
Let i(o) = -2*o. Let u be i(-1). Suppose -c = -2*k - 31 + 8, u*c - 5*k = 47. Is c a composite number?
True
Let b(w) = -51*w - 9. Is b(-20) prime?
False
Let r(z) = -15*z - 8. Let n be r(-6). Suppose -3*o = -25 + 160. Let a = n + o. Is a composite?
False
Let x = 3 - 3. Let b(o) = -o**3 + o**2 + o + 12. Let f be b(x). Let q = -8 + f. Is q a prime number?
False
Let p(d) = -3*d**2 + 7*d + 2. Let t be p(6). Let j = t + 123. Is j composite?
False
Let i = -1861 - -2750. Is i a composite number?
True
Suppose 0 = p + 5*j - 16 - 24, -j + 1 = 0. Is p a prime number?
False
Suppose 3 = -c + 2*x + 4, 2*c - 5*x = 0. Is c - (1 + 1) - -152 a prime number?
False
Suppose -4*f = -6*m + m - 2687, 0 = 4*m + 12. Suppose -2*l + 5*n + 467 = 0, -3